2 = 3*n + 2*m - 3, -4*n + 3*m = -z. Let a(d) = d**2 - 4*d + 2. Calculate a(n).
-1
Let g(x) be the second derivative of x**3/6 - x**2/2 + 13*x - 2. What is g(7)?
6
Let h(l) be the third derivative of -5*l**4/24 + l**3/2 - 9*l**2. What is h(2)?
-7
Let m(l) = -l**3 + 4*l**2 + 3*l - 6. Suppose -2*p + 3*h + 19 - 90 = 0, 34 = -p + 2*h. Let v be 4/6 + p/(-12). What is m(v)?
6
Let q(y) be the third derivative of -y**6/60 + y**5/60 + 27*y**2. Let u be (4/3)/((-2)/(-9)). Let n be 3*(10/u - 2). What is q(n)?
3
Let v(o) = 3 - o**2 - o + 0*o**2 - o. Let p(d) = 4*d + 50. Let g be p(-12). Determine v(g).
-5
Let x(v) = v**3 - 5*v**2 + 2*v - 6. Suppose -3*u + 4 - 1 = 0. Let b(i) = -i**3 - 6*i**2 - i. Let h be b(-6). Let a = h - u. What is x(a)?
4
Let h(j) be the first derivative of -j**4/4 - 4*j**3/3 + j**2/2 + 5*j + 40. Give h(-4).
1
Let i = -36 + 36. Let a(b) be the third derivative of i*b - 1/3*b**3 - 1/6*b**4 + 0 - b**2. Calculate a(-3).
10
Let q(i) be the first derivative of -3*i**2/2 + 3. Determine q(-2).
6
Suppose 9*j - 20 = 4*j. Suppose 8 = -j*t - 8. Let n be (6/t)/(9/24). Let x(d) = -d**2 - 6*d - 4. Determine x(n).
4
Let u(p) = -p**2 + 6*p - 1. Let h(c) = -3*c**2 + 13*c - 3. Let k(z) = -2*h(z) + 5*u(z). Suppose 4*a + 14 = -6. Give k(a).
6
Suppose -o - 3 = -1. Let i(h) = -h**3 - 4*h**2 - 3*h - 3. Let j(m) = -m**2 - m. Let q(z) = o*j(z) - i(z). What is q(-5)?
3
Let b = -4 + 8. Suppose 4*z - 2*k = b, -1 = -z - k - 6. Let x(c) = -2*c**2 + 2*c + 1. Give x(z).
-3
Let x(j) = -8 + 7 + 2*j - j**2 + 3*j + 8. Determine x(5).
7
Let v(m) = m**2 + 7*m - 9. Let x be v(-7). Let y(u) = 2*u + 4. Determine y(x).
-14
Let k(x) = -4 - 6 + x + 3 + 0. Let t = 2 - -3. Suppose 16 = t*s - s. Give k(s).
-3
Let m(q) = -q + 8. Let u be (8/6)/((-2)/(-6)). Suppose 5*a - u*y + 3*y = 2, -y = -3. Let j(v) = 5*v**3 - v**2. Let x be j(a). Calculate m(x).
4
Let i(t) be the first derivative of -3*t**2/2 + 51. Calculate i(4).
-12
Let t(r) = 2*r - 8. Let h(l) = -l - 1. Let v(n) = -h(n) + t(n). Let a(b) = b**3 - 2*b**2 + 4*b - 3. Let d be a(2). Suppose -21 = -d*u + 4. Determine v(u).
8
Let u(w) = -2*w**3 + 5*w**2 - 11*w + 3. Let c(a) be the second derivative of a**5/20 - a**4/6 + a**3 - a**2 + a. Let g(i) = -7*c(i) - 4*u(i). Calculate g(6).
14
Let g(y) be the third derivative of y**5/30 - 7*y**4/24 + 2*y**3/3 - 7*y**2. What is g(4)?
8
Let j(p) = p**3 - 2*p**2 + 3*p - 1. Let i = 37 - 35. What is j(i)?
5
Let k(c) = c**2 - 7*c + 5. Let o = -13 - -19. Calculate k(o).
-1
Let x(v) = v**2 + 8*v - 2. Let s be (-66)/10 + 6/(-15). Calculate x(s).
-9
Let j(w) be the first derivative of w**3/3 + 3*w**2/2 - 5*w - 1. Suppose 2 - 32 = 6*r. Give j(r).
5
Let x = -7 + 7. Let h = x + 5. Let t(n) = -6*n + 2. Let m(q) = q - 1. Let y(l) = h*m(l) + t(l). What is y(-6)?
3
Let t(v) be the second derivative of -v**3/6 + 7*v**2/2 + 10*v. What is t(5)?
2
Let p = 27 - 19. Suppose -p = -0*h + 4*h. Let c(d) = d + 3. Calculate c(h).
1
Let p = -51 - -51. Let v(c) = -11 + c**2 + 2 + c**3 - 4*c + 3*c. Give v(p).
-9
Let c(d) = d**3 - 2*d**2 - 2*d. Let q = -6 + 5. Let y(r) = 3*r**2. Let v be y(q). What is c(v)?
3
Suppose -5*z = -5 - 5. Suppose z = -b + 3. Let m(h) = 6*h**2 + 3. Let x(q) = 6*q**2 + 2. Let c(n) = 2*m(n) - 3*x(n). What is c(b)?
-6
Let p(t) be the second derivative of t**4/12 + t**3/6 - t**2 + t. Let f = -396 + 392. Determine p(f).
10
Let w(z) = -z**2 - 9*z - 9. Let c(b) = b**2 + 6*b - 2. Let h be c(-5). Give w(h).
5
Let o(k) be the third derivative of -k**7/280 - k**6/180 - k**5/120 + 2*k**3/3 + k**2. Let d(g) be the first derivative of o(g). Give d(-1).
2
Let z(j) = -4*j**2 - 2*j**2 + 4*j**2 + j**2 - 2*j. Determine z(-3).
-3
Let u(x) = -x**3 - 2*x**2. Let a be 18/(-99) - (-20)/(-11). Calculate u(a).
0
Let q(c) = -c**3 - 7*c**2 - 7*c - 1. Let i(o) = o - 13. Let v be i(7). What is q(v)?
5
Let w be 19/7 + (-8)/(-28). Let r(h) = 3*h**w - 3*h**3 + 9*h**2 + h**3 - 7*h - 4 - 4*h**2. Calculate r(-6).
2
Let u(c) = 2*c + 2. Let j be u(0). Let m(k) = -7 - 2*k + 6*k + k**3 + 14 + 0*k**3 + 6*k**j. What is m(-5)?
12
Let g be 10 - 7 - (1 - 4). Let p(s) = -s. Determine p(g).
-6
Let w = -56 - -58. Let b(u) = 5*u + 3*u + 6 - 4*u - 4*u**2 - 8*u**3. Let m(f) = 17*f**3 + 9*f**2 - 9*f - 13. Let q(r) = -13*b(r) - 6*m(r). What is q(w)?
12
Let f(i) be the first derivative of 1/2*i**2 + 1 + i. Suppose 0 = 5*j - 6 - 9. What is f(j)?
4
Let s(o) = -o**3 - 6*o**2 + 6*o - 9. Let a(f) = -f**3 + 3*f**2 + f + 5. Let z be a(4). Determine s(z).
-2
Let r(o) = 4*o**2 - 2*o - 2. Let c = 115 - 113. Determine r(c).
10
Let r(y) = -2*y**2 + 8 - 2*y**2 + 3*y**2 - 2 - 4*y. Calculate r(-5).
1
Let v(k) = -3*k + 2. Let u be -5 - -1 - (4 - 6). Give v(u).
8
Let c(y) = 2*y - 5. Let u(j) = 5*j - 10. Let z(f) = -7*c(f) + 3*u(f). Calculate z(5).
10
Let u(y) = 2*y**2 - y. Let i(o) be the second derivative of 3*o**4/4 - o**3 - o. Let v be (3/6)/(3/(-12)). Let f(j) = v*i(j) + 11*u(j). What is f(1)?
5
Let m(x) be the second derivative of x**4/6 - x**3/6 + 3*x**2/2 - 3*x. Determine m(3).
18
Suppose 3*t - 4*t + 3 = 0. Suppose 4*z = t*y + 2*y - 19, 0 = -z - 4*y - 31. Let n = 16 + z. Let u(i) = i - 5. Determine u(n).
0
Suppose -5*j = -3*j - 18. Let g = 22 - j. Let m(l) = -4 + 0*l + g - 2 - l. What is m(5)?
2
Let k(c) = -2*c. Let s be 32/(-10) + 2/10. What is k(s)?
6
Let o = -61 - -57. Let l(d) = 2*d**2 + 3*d - 1. Calculate l(o).
19
Let g(l) = -l**2 + 9*l - 8. Let d be (24/(-4))/(-2*15/40). Calculate g(d).
0
Let y(g) = g**3 + g - 3. Let n be y(0). Let q = -3 - n. Let a(m) = 4*m**3 + m - 5*m**2 - 8 + 4*m**2 - 3*m**3. Calculate a(q).
-8
Let m(o) = 12*o - 1. Let v(l) = l. Let d(i) = m(i) + 2*v(i). What is d(-1)?
-15
Let l(f) = -8 + 2*f**2 - f**2 + f + 2. Let b(o) = 0*o + 0*o + o + 2 - o**2. Let v be b(2). What is l(v)?
-6
Suppose 1 - 1 = -3*i. Let j(a) = a - 3*a + a**2 - 2*a**2. Let c(x) = x. Let z(p) = 3*c(p) + j(p). Calculate z(i).
0
Let j(g) = -g**2 - 3*g**2 + 0*g**2 + 0*g - 3*g + g**3. Calculate j(5).
10
Let r(u) = -u**2 + 6*u - 5. Suppose 7*c - 6*c = 5. Determine r(c).
0
Suppose 0 = -4*j + 5*j + 16. Let c = -11 - j. Let p(i) = i**3 - 5*i**2 - i - 3. Calculate p(c).
-8
Let m(v) be the first derivative of v**2/2 - 4*v - 26. What is m(3)?
-1
Let g(a) = -a**2 - 7*a - 5. Suppose 30 = -4*n - 2*n. What is g(n)?
5
Let z(x) = -3 - 2 - x + 4*x**3 - 3*x**3 + 0*x**3 + x**2. Determine z(0).
-5
Let z(c) = c. Let f(u) = 6*u + 1. Let q(o) = f(o) + 4*z(o). Determine q(-1).
-9
Let c(h) = 12*h**2 - h + 1. Let g(l) = -2*l + 21. Let w be g(10). What is c(w)?
12
Let b(a) = -a - 14. Let z be b(-9). Let v(x) = x**2 + 3*x - 1. Determine v(z).
9
Let q(y) be the second derivative of y**5/20 + 5*y**4/12 + 5*y**3/6 + y**2/2 + 2*y. Let p(m) = -3*m**2 + 2*m - 2*m + m - 2*m. Let t be p(1). Give q(t).
-3
Let h(g) = -4*g**3 + g**2 + g - 3. Let n(p) = 9*p**3 - p**2 - 3*p + 7. Let u(x) = 7*h(x) + 3*n(x). What is u(3)?
3
Let q(c) = 6*c**2 - 9*c + 9. Let f(v) = 5*v**2 - 8*v + 8. Let i(p) = 7*f(p) - 6*q(p). Suppose -2*l + 4*l - 16 = 0. Suppose 6*a = 2*a - l. Give i(a).
2
Let r(c) = -c + 6. Let o(d) = -5*d - 1. Let z be o(-2). Let p be r(z). Let y(t) = t + 6. Give y(p).
3
Let j(o) = -o**3 - 5*o**2 + o - 4. Let d = -36 + 31. Give j(d).
-9
Suppose 4*c - l = 41, -28 = -3*c - 0*l - 2*l. Let k(g) = -2*g - 3 - 7 + c + 3. What is k(5)?
-7
Let z(n) = -n**3 + 6*n**2 - 6*n + 7. Let i(x) = x**2 - 3*x + 4. Let d be i(4). Suppose -d*j = -3*j - 25. Calculate z(j).
2
Let k(l) = 3*l + 1. Suppose 2*w - 11 = n - 2, -2*n + 3*w - 16 = 0. Give k(n).
-14
Let v(b) = b**3 + 2*b**2 - 2*b - 2. Let o be v(-2). Let z(u) = u + 3*u**3 - 5*u**3 + 0*u**3 + 0*u**3 - 1 + 2*u**2. Determine z(o).
-7
Let f(b) = -2*b - 5. Let p be f(-4). Suppose l + 16 = -2*q - 4*l, 2*q = -2*l - 4. Let u(i) = 0*i**3 + 2*i**q + 0*i**p + 3 + i - i**3. Calculate u(3).
-3
Let c(o) be the third derivative of -13*o**4/24 - o**3/6 - 3*o**2. Suppose 6 = -4*l - 4*f - 2, f = -2*l - 3. What is c(l)?
12
Let h(b) = -b**2 + 4*b + 1. Let t(d) be the first derivative of d**4/2 - 5*d**3/3 - d**2 + d - 2. Let j be t(3). Give h(j).
1
Let u(h) = h**3 - h**2 - 5*h + 4. Let n be 0 - (-2*1 - -1). Let z be (3 + n)*(-3)/(-4). Calculate u(z).
7
Let m = 19 + -13. Let x = m + -7. Let i(n) be the first derivative of -7*n**4/4 + 2*n**3/3 - n - 1. Calculate i(x).
8
Let d(g) = -g. Let s = 2 - 